 c(-2).
6
Let y(r) = -1126*r + 1124*r + 1 + 6 - 5 + 10. Give y(9).
-6
Let v be -1 - 2/(1 - -1). Let g(s) = 2*s**2 - 218*s**3 - 2*s - 2 + 1 - s + 219*s**3. Calculate g(v).
5
Let i(x) = 2*x + 1 + 9824*x**2 - 9823*x**2 + 2. Calculate i(-3).
6
Let z(m) = -4 + 16*m - 7*m - 14*m + m**2. Let r = -3 + 4. Let s be -10*r/(-4)*2. Give z(s).
-4
Let n(r) = -3*r**2 + 43*r + 30. Let z(t) = 2*t**2 - 29*t - 20. Let d(x) = 5*n(x) + 7*z(x). Calculate d(13).
-3
Let w(q) = 6*q**3 - 17*q**2 + 13. Let f(h) = 5*h**3 - 16*h**2 + 2*h + 12. Let p(u) = -7*f(u) + 6*w(u). Calculate p(-11).
27
Let p(l) = 2*l - 12. Let f = -538 - -547. What is p(f)?
6
Let l(j) = -61*j**2 + 8 + 32*j**2 + 32*j**2 - 3*j. Let p(m) = -2*m**2 + 4*m - 7. Let q(h) = 3*l(h) + 4*p(h). Determine q(-6).
-10
Suppose -5*w = 25, 0*p + 2 = -p - w. Let v(i) = 5*i**2 + i - 3. Let h(o) = -3*o**2 - 2*o + 2. Let l(b) = 3*h(b) + 2*v(b). Determine l(p).
-3
Let k(j) = j**2 + 7*j + 9. Suppose 0 = 9*p - 5*p + 16. Let t be k(p). Let y(d) be the first derivative of d**4/4 + d**3/3 - 2*d**2 + d + 2. What is y(t)?
-5
Let u(f) = -2*f - 10. Let d(t) = -4*t**2 + 65*t - 22. Let n be d(16). Calculate u(n).
2
Let g(y) = -y. Let q(l) = -1. Let h(t) = g(t) + 2*q(t). Let c = 45 - 40. Determine h(c).
-7
Let l(x) = x**2 + 7*x + 6. Suppose -237 = 4*c - v, 5*c - v = -4*v - 292. Let u = 55 + c. Calculate l(u).
-6
Let g = 43 - 44. Let h(y) = 2*y + 1. Let j be h(1). Let n(b) = -b**2 - b - 8*b**j - 1 + 3*b**3 + b**3 - b**3. What is n(g)?
4
Suppose -4*n + 0 = -4. Let r(l) = 6*l**2 - 3*l - 16. Let i(k) = -13*k**2 + 7*k + 36. Let y(o) = -4*i(o) - 9*r(o). Determine y(n).
-3
Let b(i) = -4*i + 4. Let s(r) be the second derivative of -5*r**3/6 + 3*r**2/2 + 3*r. Let m(k) = 4*b(k) - 3*s(k). What is m(0)?
7
Let j(t) be the second derivative of t**5/10 + t**4/6 - 2*t**3/3 + 3*t**2/2 - 112*t. Give j(2).
19
Let q(f) = -f**3 - 11*f**2 + 2*f - 1. Let y(m) = m**2 + m + 1. Let t(z) = q(z) + 6*y(z). Determine t(-6).
-7
Let u(f) be the third derivative of -f**6/120 + f**5/60 - 8*f**2. Let v(z) = 4*z - 7. Let p be v(3). Let j = 6 - p. Calculate u(j).
0
Let l(p) = 2*p**3 - 19*p**2 + 43*p - 20. Let c be l(6). Let q(b) = -b**3 - 14*b**2 - 3*b - 15. What is q(c)?
27
Let y(p) = -5*p**2 - 27*p + 15. Let t(h) = -18*h - 3*h**2 - 150 + 157 + 4*h. Let r(u) = 7*t(u) - 4*y(u). Determine r(9).
-2
Let b(v) = -5*v**3 - 7*v**2 - 3*v + 6. Let r(i) = 14*i**3 + 19*i**2 + 8*i - 16. Let a(d) = -8*b(d) - 3*r(d). What is a(-1)?
1
Suppose 16*x - 4 = 28. Let m(c) = -c**2 + 3*c + 1. Calculate m(x).
3
Suppose -8304 + 8295 = 3*d. Let x(p) = -4*p**3 - 10*p**2 + p. What is x(d)?
15
Let v = -16 - -20. Let g be (3 - v) + 4/2. Let f(l) = 51*l**2 - 3*l + g - 53*l**2 + 4*l. Determine f(-2).
-9
Let i = -3344 + 3347. Let m(y) be the second derivative of -y**5/60 + y**4/24 + 2*y**3/3 - y**2 + y. Let r(q) be the first derivative of m(q). Give r(i).
-2
Let k(g) = 2*g - 10. Let f be k(7). Let v(d) = 0*d**2 - d**2 + 11*d**3 - f*d**3. What is v(1)?
6
Let z(y) = 9*y + 17*y + y**3 + 21 - 11*y**2 - 49*y + 9*y. Let h be z(12). Let k(b) = -b**2 - 6*b + b + 1 - 2. What is k(h)?
5
Let m(n) = 1 - 7 + 5 - 4*n**3 - 8*n**3 - n. Determine m(-1).
12
Let g(k) = -k**2 + 5*k + 3. Let m = 2085 + -2074. Calculate g(m).
-63
Let n(g) = -562*g + 1 + 280*g + 284*g. Determine n(-3).
-5
Let v = 1496 - 1490. Let k(c) = 2*c - 2. Determine k(v).
10
Let q(i) be the third derivative of i**6/120 + i**5/12 - 7*i**4/24 + i**3 - 38*i**2 + i. Calculate q(-6).
12
Let h(a) = a**2 + 4*a + 1. Let l = 45 - 45. Suppose l = 2*j + 7 + 3. Calculate h(j).
6
Let u(m) be the second derivative of -m**3/6 + 7*m**2/2 + 45*m. Suppose f - 3 = 3. Give u(f).
1
Let n(g) = 2*g**2 - 6*g - 4. Let j be -3 + 320/12 - 1/(-3). Suppose -8 = -4*c, -j = -4*k - 5*c + 3*c. Calculate n(k).
16
Let s(g) = g + 7. Let a be (-2 + 4 - -3) + 0. Let v(t) = -t**2 + 2*t + 9. Let q be v(a). What is s(q)?
1
Let g be 98/(-21)*(0 + (-6)/4). Let i(h) be the first derivative of -h**2/2 + 15*h - 7. What is i(g)?
8
Suppose 5*s = -0 + 20. Suppose -5*j = 4*o + 32, -2*j - 24 = s*o - o. Let m(b) = -b**3 - 8*b**2 - 3*b - 10. Calculate m(o).
14
Let q(m) = -2*m**2 + 7*m - 7. Let z = -145 + 150. Calculate q(z).
-22
Let i(b) be the third derivative of -b**5/60 + 7*b**4/24 + 11*b**3/6 + 88*b**2. Give i(9).
-7
Suppose 7 = t + 3*b, 2*t + 10*b - 14 = 15*b. Let l(x) = 2*x - 16. What is l(t)?
-2
Let q be -1 + 3 + 3 - 2. Let n(i) = 19*i - 2 + 5*i**2 - i**2 - i**q + 0*i**3 - 21*i. Calculate n(2).
2
Let a be -5*(-12)/8*(-8)/(-30). Let r(i) = 12*i**a + 3*i - 29*i**2 + 16*i**2. Give r(4).
-4
Let k(y) = 124*y**2 - 2*y + 2. Let v be k(1). Let s(t) = 67*t + 58*t - 4 - v*t. Give s(3).
-1
Let m(x) = 4*x + 6. Let l = -259 + 257. Give m(l).
-2
Let m(y) be the second derivative of y**5/20 - y**4/2 + 2*y**3/3 - 3*y**2/2 - 3*y. Suppose 3 + 27 = 6*c. Suppose c*t - 63 = -38. Give m(t).
-8
Let v(t) be the third derivative of t**6/120 + t**5/120 - t**4/3 + 8*t**2. Let f(s) be the second derivative of v(s). Give f(-2).
-11
Suppose y = -y. Suppose 8 = 4*m - 5*q, -3*m - 3*q + 10 = 2*m. Let z(l) = -4 + 45*l**2 - 46*l**2 + m + l. Calculate z(y).
-2
Let l be ((-10)/(-3) - 3)/(1/(-12)). Let n be -2*(0/l - 2/4). Let k(q) = 5*q**2 + 1 - q + q - q. What is k(n)?
5
Let g(k) be the second derivative of k**3/6 + 3*k**2 - 8*k. Suppose u = 2*n + 8, -5*u - 5*n = -10*n - 55. Suppose 4*b + 6 = -u. Give g(b).
1
Let j(y) = -17*y**2 - 32*y - 25. Let z(t) = -5*t**2 - 10*t - 8. Let i(s) = -2*j(s) + 7*z(s). Give i(-5).
-1
Let c(j) = -2*j + 2. Let d(u) be the third derivative of u**4/12 - 3*u**2. Let b be d(1). Determine c(b).
-2
Let n be (-3 - (-25)/10)/((-2)/24). Let q(s) = s**2 - 6*s - 13. Determine q(n).
-13
Let v = 88 - 86. Let x(y) = 16 - 4*y + 12 + v*y - 23 - y**2. What is x(-4)?
-3
Let h(l) = 4*l**2 + 3*l + 1. Let x be ((-24)/9)/((-1)/6). Let v = -25 + x. Let b be (3/v)/((-1)/(-6)). Calculate h(b).
11
Let b(y) = -y**3 - 4*y**2 - 2*y + 2. Let q = 50 + -46. Suppose 5*o + 29 = -3*p, 4*p + 2 = q*o + 6. Calculate b(o).
10
Let i(g) be the second derivative of -g**5/20 + g**4/12 - g**3/6 - 3*g**2 + 17*g. Give i(0).
-6
Let t(k) = k - 1. Let i be (-5)/(-15)*(38 + 1). Let y(o) be the second derivative of o**3/3 - o**2 + 2*o. Let d(h) = i*t(h) - 6*y(h). Give d(4).
3
Let x(s) = s**3 - 5*s**2 - 9*s + 3. Let i be 48/(((-165)/(-10))/11). Suppose j = 3, 1 = 5*z + j - i. Determine x(z).
-15
Let o(y) be the second derivative of -y**3/6 - y**2/2 - 2*y. Let n = 27 - 32. Calculate o(n).
4
Let r be 315/21 - (-4)/(-1). Let t = -12 + r. Let o(c) = -3*c - 1 - 3 + 1 + 4. Calculate o(t).
4
Let q(v) = v**2 + v + 2. Let c(t) = -2*t**2 - 7*t + 4. Let x be c(-4). Suppose 0 = -3*m - x*a + 3*a, -2*a = 3*m + 10. Calculate q(m).
4
Let z = 93 + -104. Let v(j) = -j**3 - 13*j**2 - 25*j - 26. Let p be v(z). Let f(x) = -x. What is f(p)?
-7
Let x(l) = l + 35441*l**2 - 3 - 35442*l**2 - 10*l. What is x(-8)?
5
Let r(n) be the first derivative of -n**2/2 - 7*n - 85. Calculate r(0).
-7
Let p(s) = -2*s**2 + 3*s + 2. Let m(v) = -3*v + 26. Let f be m(9). Calculate p(f).
-3
Let a(v) = -9*v**2 - v. Let w be a(1). Let o be (w/4)/(15/30). Let d(t) = -t + 2. Calculate d(o).
7
Let x be (-1)/(-3) + 24/9. Suppose 4*p + 3*l = -18, x*p + 4*l + 21 = 4. Let w(d) = d - 3 - 3*d - 2 + d. Calculate w(p).
-2
Let w(b) = 140 - 280 + 140 + b. Suppose -3*z = -5*f + 3 + 14, -4 = 4*f + 2*z. Calculate w(f).
1
Let q(p) = 32*p - 11. Let k(l) = 6*l + 1. Let i(x) = 5*k(x) - q(x). Determine i(11).
-6
Let i(u) = u**3 + 7*u**2 + 5*u - 2. Let c = -42 + 71. Let s = -18 + c. Let x = s - 17. Calculate i(x).
4
Let p(i) = -6*i**3 + 2*i**2 - 10*i - 4. Let v(h) = -18 - 9*h + 2*h**2 - 5*h**3 - 18 + 32. Let n(l) = -6*p(l) + 7*v(l). What is n(-3)?
-4
Let k(d) = -6*d. Let f(i) = i**3 + 11*i**2 - i - 2. Let r be f(-11). Suppose -40 = 4*c - r*c. Let l be (-2)/c - (-7)/(-4). What is k(l)?
12
Let g(j) = -2*j**2 + 2. Let t = -59 - -62. What is g(t)?
-16
Let l(t) be the first derivative of 3*t**2/2 + 5*t - 16. Let s(v) = -6*v - 13. Let u be s(-3). Give l(u).
20
Let z(c) = -19 + 14 + 16 + 8*c. Let g(w) = 2*w + 3. Let x(v) = -9*g(v) + 2*z(v). What is x(-4)?
3
Let p(k) = -k**3 + 3*k**2 + 10*k + 2. Let g be p(5). Let l(o) = -2*o**2 + o. Calculate l(g).
-6
Let r(v) = -v**2 - 13*v - 7. Suppose -7*n + 32 = 11. Suppose 4*l + 3 = 4*